{"id":10,"date":"2024-03-27T23:52:49","date_gmt":"2024-03-27T23:52:49","guid":{"rendered":"https:\/\/semisauvages.net\/permaculture\/?page_id=10"},"modified":"2024-04-29T21:10:36","modified_gmt":"2024-04-29T21:10:36","slug":"portofolio","status":"publish","type":"page","link":"https:\/\/semisauvages.net\/permaculture\/portofolio\/","title":{"rendered":"Formation professionnelle"},"content":{"rendered":"\n<div class=\"wp-block-cover alignfull is-light\" style=\"min-height:300px;aspect-ratio:unset;\"><span aria-hidden=\"true\" class=\"wp-block-cover__background has-nv-site-bg-background-color has-background-dim-100 has-background-dim\"><\/span><div class=\"wp-block-cover__inner-container is-layout-flow wp-block-cover-is-layout-flow\">\n<div class=\"wp-block-group\"><div class=\"wp-block-group__inner-container is-layout-flow wp-block-group-is-layout-flow\">\n<h1 class=\"wp-block-heading has-text-align-left has-neve-text-color-color has-text-color\">Formation &amp; stages de permaculture <\/h1>\n<\/div><\/div>\n\n\n\n<p>Structure \u00e0 taille humaine, Semi(s) Sauvage(s) est un centre de formation d\u00e9livrant des stages bas\u00e9s sur des standards de qualit\u00e9 professionnelle.<\/p>\n\n\n\n<p>Un exp\u00e9rience cons\u00e9quente dans le secteur de la formation nous permet de proposer des <a href=\"https:\/\/semisauvages.net\/boutique\/fr\/services\/formation\/ingenierie-pedagogique\" target=\"_blank\" rel=\"noreferrer noopener\"><strong>prestations d&rsquo;ing\u00e9nierie p\u00e9dagogique<\/strong><\/a><a href=\"https:\/\/semisauvages.net\/boutique\/fr\/services\/formation\/ingenierie-pedagogique\" target=\"_blank\" rel=\"noreferrer noopener\">,<\/a> r\u00e9alis\u00e9es en sous-traitance pour concevoir vos stages.<\/p>\n\n\n\n<p>Nous avons d\u00e9velopp\u00e9 une s\u00e9rie de formations, dans diff\u00e9rents formats (ateliers, stages courts et longs), en pr\u00e9sentiel et en distanciel. Vous pouvez les d\u00e9couvrir sur notre <strong><a href=\"https:\/\/semisauvages.net\/boutique\/\" target=\"_blank\" rel=\"noreferrer noopener\"><u>catalogue des formations en permaculture<\/u><\/a><\/strong>.<\/p>\n<\/div><\/div>\n\n\n\n<div class=\"wp-block-cover alignfull is-light\" style=\"min-height:600px;aspect-ratio:unset;\"><span aria-hidden=\"true\" class=\"wp-block-cover__background has-nv-light-bg-background-color has-background-dim-100 has-background-dim\"><\/span><div class=\"wp-block-cover__inner-container is-layout-flow wp-block-cover-is-layout-flow\">\n<div class=\"wp-block-group\"><div class=\"wp-block-group__inner-container is-layout-flow wp-block-group-is-layout-flow\">\n<div style=\"height:80px\" aria-hidden=\"true\" class=\"wp-block-spacer\"><\/div>\n\n\n\n<div class=\"wp-block-columns are-vertically-aligned-center is-layout-flex wp-container-core-columns-is-layout-9d6595d7 wp-block-columns-is-layout-flex\">\n<div class=\"wp-block-column is-vertically-aligned-center is-layout-flow wp-block-column-is-layout-flow\" style=\"flex-basis:50%\">\n<figure class=\"wp-block-image size-full is-resized\"><img fetchpriority=\"high\" decoding=\"async\" width=\"208\" height=\"250\" src=\"https:\/\/semisauvages.net\/permaculture\/wp-content\/uploads\/2024\/04\/Permaculture-Designers-Manual-Couverture.jpg\" alt=\"\" class=\"wp-image-151\" style=\"width:307px;height:auto\"\/><\/figure>\n\n\n\n<div style=\"height:24px\" aria-hidden=\"true\" class=\"wp-block-spacer\"><\/div>\n\n\n\n<h3 class=\"wp-block-heading has-text-align-center has-neve-text-color-color has-text-color\">Infos pratiques<\/h3>\n\n\n\n<p class=\"has-text-align-center has-neve-text-color-color has-text-color\">Pour les informations pratiques concernant l&rsquo;organisation des formations, et les conditions de r\u00e9alisation, c&rsquo;est sur <a href=\"https:\/\/www.semisauvages.net\/formations-permaculture\/orga-stages-perma.html\" target=\"_blank\" rel=\"noreferrer noopener\">cette page<\/a>.<\/p>\n\n\n\n<div class=\"wp-block-buttons is-content-justification-center is-layout-flex wp-container-core-buttons-is-layout-16018d1d wp-block-buttons-is-layout-flex\">\n<div class=\"wp-block-button is-style-primary\"><a class=\"wp-block-button__link wp-element-button\" href=\"#\">PROJECT DETAILS<\/a><\/div>\n<\/div>\n\n\n\n<div style=\"height:40px\" aria-hidden=\"true\" class=\"wp-block-spacer\"><\/div>\n<\/div>\n\n\n\n<div class=\"wp-block-column is-vertically-aligned-center is-layout-flow wp-block-column-is-layout-flow\" style=\"flex-basis:50%\">\n<figure class=\"wp-block-image size-full is-resized\"><img decoding=\"async\" width=\"220\" height=\"146\" src=\"https:\/\/semisauvages.net\/permaculture\/wp-content\/uploads\/2024\/04\/people-discussion.jpg\" alt=\"\" class=\"wp-image-150\" style=\"width:556px;height:auto\"\/><\/figure>\n\n\n\n<div style=\"height:24px\" aria-hidden=\"true\" class=\"wp-block-spacer\"><\/div>\n\n\n\n<h3 class=\"wp-block-heading has-text-align-center has-neve-text-color-color has-text-color\">Clients<\/h3>\n\n\n\n<p class=\"has-text-align-center has-neve-text-color-color has-text-color\">Nous restons disponibles pour orienter nos clients vers la solution qui leur correspond. Nous proposons des formations destin\u00e9es aux<br>&#8211; <a href=\"https:\/\/semisauvages.net\/boutique\/formations-pros\">entreprises<\/a><br>&#8211; <a href=\"https:\/\/semisauvages.net\/boutique\/formations-agris\">agriculteurs<\/a><br>&#8211; <a href=\"https:\/\/semisauvages.net\/boutique\/formations-assos-permaculture\">associations<\/a><br>&#8211; <a href=\"https:\/\/semisauvages.net\/boutique\/particuliers\">particuliers<\/a><\/p>\n\n\n\n<div class=\"wp-block-buttons is-content-justification-center is-layout-flex wp-container-core-buttons-is-layout-16018d1d wp-block-buttons-is-layout-flex\">\n<div class=\"wp-block-button is-style-primary\"><a class=\"wp-block-button__link wp-element-button\" href=\"#\">PROJECT DETAILS<\/a><\/div>\n<\/div>\n\n\n\n<div style=\"height:40px\" aria-hidden=\"true\" class=\"wp-block-spacer\"><\/div>\n<\/div>\n<\/div>\n\n\n\n<div style=\"height:40px\" aria-hidden=\"true\" class=\"wp-block-spacer\"><\/div>\n<\/div><\/div>\n<\/div><\/div>\n\n\n\n<div class=\"wp-block-cover alignfull is-light\" style=\"min-height:600px;aspect-ratio:unset;\"><span aria-hidden=\"true\" class=\"wp-block-cover__background has-nv-site-bg-background-color has-background-dim-100 has-background-dim\"><\/span><div class=\"wp-block-cover__inner-container is-layout-flow wp-block-cover-is-layout-flow\">\n<div class=\"wp-block-group\"><div class=\"wp-block-group__inner-container is-layout-flow wp-block-group-is-layout-flow\">\n<div style=\"height:80px\" aria-hidden=\"true\" class=\"wp-block-spacer\"><\/div>\n\n\n\n<div class=\"wp-block-columns are-vertically-aligned-center is-layout-flex wp-container-core-columns-is-layout-9d6595d7 wp-block-columns-is-layout-flex\">\n<div class=\"wp-block-column is-vertically-aligned-center is-layout-flow wp-block-column-is-layout-flow\" style=\"flex-basis:50%\">\n<figure class=\"wp-block-image size-full is-resized\"><img decoding=\"async\" width=\"400\" height=\"251\" src=\"https:\/\/semisauvages.net\/permaculture\/wp-content\/uploads\/2024\/04\/jonglage-entreprise-1.jpg\" alt=\"\" class=\"wp-image-191\" style=\"width:499px;height:auto\" srcset=\"https:\/\/semisauvages.net\/permaculture\/wp-content\/uploads\/2024\/04\/jonglage-entreprise-1.jpg 400w, https:\/\/semisauvages.net\/permaculture\/wp-content\/uploads\/2024\/04\/jonglage-entreprise-1-300x188.jpg 300w\" sizes=\"(max-width: 400px) 100vw, 400px\" \/><\/figure>\n\n\n\n<div style=\"height:24px\" aria-hidden=\"true\" class=\"wp-block-spacer\"><\/div>\n\n\n\n<h3 class=\"wp-block-heading has-text-align-center has-neve-text-color-color has-text-color\"><strong>Outils p\u00e9dagogiques<\/strong><\/h3>\n\n\n\n<figure class=\"wp-block-table\"><table><tbody><tr><td><\/td><td>Approches ludiques<br>Outils d&rsquo;efficacit\u00e9 professionnelle<br>Approche des pr\u00e9f\u00e9rences c\u00e9r\u00e9brales Herrmann<br>D\u00e9marche strat\u00e9gique vers la soutenabilit\u00e9 The Natural Step<br>Permaculture et Design en permaculture<\/td><\/tr><\/tbody><\/table><\/figure>\n\n\n\n<div class=\"wp-block-buttons is-content-justification-center is-layout-flex wp-container-core-buttons-is-layout-16018d1d wp-block-buttons-is-layout-flex\">\n<div class=\"wp-block-button is-style-primary\"><a class=\"wp-block-button__link wp-element-button\" href=\"#\">PROJECT DETAILS<\/a><\/div>\n<\/div>\n\n\n\n<div style=\"height:40px\" aria-hidden=\"true\" class=\"wp-block-spacer\"><\/div>\n<\/div>\n\n\n\n<div class=\"wp-block-column is-vertically-aligned-center is-layout-flow wp-block-column-is-layout-flow\" style=\"flex-basis:50%\">\n<figure class=\"wp-block-image size-large is-resized\"><img loading=\"lazy\" decoding=\"async\" width=\"1024\" height=\"488\" src=\"https:\/\/semisauvages.net\/permaculture\/wp-content\/uploads\/2024\/04\/Dessin-et-CH-Objectifs-pedagogiques-1024x488.jpeg\" alt=\"\" class=\"wp-image-192\" style=\"width:611px;height:auto\" srcset=\"https:\/\/semisauvages.net\/permaculture\/wp-content\/uploads\/2024\/04\/Dessin-et-CH-Objectifs-pedagogiques-1024x488.jpeg 1024w, https:\/\/semisauvages.net\/permaculture\/wp-content\/uploads\/2024\/04\/Dessin-et-CH-Objectifs-pedagogiques-300x143.jpeg 300w, https:\/\/semisauvages.net\/permaculture\/wp-content\/uploads\/2024\/04\/Dessin-et-CH-Objectifs-pedagogiques-768x366.jpeg 768w, https:\/\/semisauvages.net\/permaculture\/wp-content\/uploads\/2024\/04\/Dessin-et-CH-Objectifs-pedagogiques.jpeg 1197w\" sizes=\"(max-width: 1024px) 100vw, 1024px\" \/><\/figure>\n\n\n\n<div style=\"height:24px\" aria-hidden=\"true\" class=\"wp-block-spacer\"><\/div>\n\n\n\n<h3 class=\"wp-block-heading has-text-align-center has-neve-text-color-color has-text-color\">Approche de la formation<\/h3>\n\n\n\n<p>Forts de 27 ans d&rsquo;exp\u00e9rience dans le secteur de la formation professionnelle, notre approche est pragmatique, orient\u00e9e vers les r\u00e9sultats et la satisfaction des clients.<br><br>Qu&rsquo;il s&rsquo;agisse de transmettre des techniques, des outils, des concepts ou des approches relationnelles, les formations sont d\u00e9velopp\u00e9es sur-mesure pour int\u00e9grer les objectifs pr\u00e9cis de notre commanditaire.<\/p>\n\n\n\n<div class=\"wp-block-buttons is-content-justification-center is-layout-flex wp-container-core-buttons-is-layout-16018d1d wp-block-buttons-is-layout-flex\">\n<div class=\"wp-block-button is-style-primary\"><a class=\"wp-block-button__link wp-element-button\" href=\"#\">PROJECT DETAILS<\/a><\/div>\n<\/div>\n\n\n\n<div style=\"height:40px\" aria-hidden=\"true\" class=\"wp-block-spacer\"><\/div>\n<\/div>\n<\/div>\n\n\n\n<div style=\"height:40px\" aria-hidden=\"true\" class=\"wp-block-spacer\"><\/div>\n<\/div><\/div>\n<\/div><\/div>\n\n\n\n<div class=\"wp-block-cover alignfull is-light\" style=\"min-height:300px;aspect-ratio:unset;\"><span aria-hidden=\"true\" class=\"wp-block-cover__background has-nv-dark-bg-background-color has-background-dim-100 has-background-dim\"><\/span><div class=\"wp-block-cover__inner-container is-layout-flow wp-block-cover-is-layout-flow\">\n<div style=\"height:80px\" aria-hidden=\"true\" class=\"wp-block-spacer\"><\/div>\n\n\n<div class=\"wp-block-image is-resized is-style-rounded\">\n<figure class=\"aligncenter size-full\"><img loading=\"lazy\" decoding=\"async\" width=\"300\" height=\"167\" src=\"https:\/\/semisauvages.net\/permaculture\/wp-content\/uploads\/2024\/04\/abeille-fleur.jpg\" alt=\"\" class=\"wp-image-149\" style=\"width:456px;height:auto\"\/><\/figure>\n<\/div>\n\n\n<div style=\"height:24px\" aria-hidden=\"true\" class=\"wp-block-spacer\"><\/div>\n\n\n\n<h3 class=\"wp-block-heading has-nv-c-2-color has-text-color has-link-color wp-elements-363c1b0d594e8d440715dcfb74aafb57\"><strong>Apiculture<\/strong><\/h3>\n\n\n\n<p class=\"has-neve-link-color-color has-text-color has-link-color has-medium-font-size wp-elements-179bc904da20ac04e90da2fad3ca246a\">Sur site, nous pratiquons une apiculture respectueuse des abeilles. Dans le cadre de la formation, nous assurons la transmission des principes de l&rsquo;apiculture naturelle, inspir\u00e9e de la permaculture.<br><\/p>\n\n\n\n<div class=\"wp-block-buttons is-layout-flex wp-block-buttons-is-layout-flex\"><\/div>\n\n\n\n<div style=\"height:80px\" aria-hidden=\"true\" class=\"wp-block-spacer\"><\/div>\n<\/div><\/div>\n","protected":false},"excerpt":{"rendered":"","protected":false},"author":1,"featured_media":0,"parent":0,"menu_order":0,"comment_status":"closed","ping_status":"closed","template":"","meta":{"neve_meta_sidebar":"","neve_meta_container":"","neve_meta_enable_content_width":"on","neve_meta_content_width":100,"neve_meta_title_alignment":"","neve_meta_author_avatar":"","neve_post_elements_order":"","neve_meta_disable_header":"","neve_meta_disable_footer":"","neve_meta_disable_title":"on","_ti_tpc_template_sync":false,"_ti_tpc_template_id":"","footnotes":""},"class_list":["post-10","page","type-page","status-publish","hentry"],"_links":{"self":[{"href":"https:\/\/semisauvages.net\/permaculture\/wp-json\/wp\/v2\/pages\/10","targetHints":{"allow":["GET"]}}],"collection":[{"href":"https:\/\/semisauvages.net\/permaculture\/wp-json\/wp\/v2\/pages"}],"about":[{"href":"https:\/\/semisauvages.net\/permaculture\/wp-json\/wp\/v2\/types\/page"}],"author":[{"embeddable":true,"href":"https:\/\/semisauvages.net\/permaculture\/wp-json\/wp\/v2\/users\/1"}],"replies":[{"embeddable":true,"href":"https:\/\/semisauvages.net\/permaculture\/wp-json\/wp\/v2\/comments?post=10"}],"version-history":[{"count":6,"href":"https:\/\/semisauvages.net\/permaculture\/wp-json\/wp\/v2\/pages\/10\/revisions"}],"predecessor-version":[{"id":193,"href":"https:\/\/semisauvages.net\/permaculture\/wp-json\/wp\/v2\/pages\/10\/revisions\/193"}],"wp:attachment":[{"href":"https:\/\/semisauvages.net\/permaculture\/wp-json\/wp\/v2\/media?parent=10"}],"curies":[{"name":"wp","href":"https:\/\/api.w.org\/{rel}","templated":true}]}}